 w**2 - 7*w + 9. Let b = -1 + 7. Let k be a(b). Suppose -9 = -3*m + k. List the prime factors of m.
2
Suppose 5*h + 6 = -2*v + 4*v, 0 = -3*v - 2*h + 47. Suppose -v = -2*j + 9. What are the prime factors of j?
11
Let c(n) = n + 2*n**2 + 6*n**2 - 2*n. Let d be c(1). Suppose 2*a + 4*m = -10, d = -a - 3*m - 2. List the prime factors of a.
3
Let p = -2 - -4. Let y be 0*2/p*-1. What are the prime factors of 7 - y/(-2) - 0?
7
Suppose -3*m - 23 = 4*t, 2*m = -3*t - 0*m - 17. Let j(k) = -k**3 - 5*k**2 - 2*k - 4. Let c be j(t). Suppose -c*a = -a - 25. List the prime factors of a.
5
Let l = 16 - 10. Let t(b) = -l*b + 2 - 2. List the prime factors of t(-2).
2, 3
Let o = 19 - 16. Suppose -3*g = -5*n + 281, -4*n - 2*g = -o*g - 222. What are the prime factors of n?
5, 11
Suppose -r = -5*b + 20, -2*r + 6*r = 5*b - 5. Let q = b - 0. What are the prime factors of ((-6)/q)/(2/(-5))?
3
Let u(z) = 8*z - 10*z**2 - 2 + 0*z**3 + z**3 + z**2. Let j be u(8). What are the prime factors of 1/(j/(-4))*1?
2
Suppose 33 + 117 = 5*f. What are the prime factors of f?
2, 3, 5
Suppose 0*l - 15 = 5*l. List the prime factors of l - (0 + -1 + -7).
5
Suppose -y - 6 = y. List the prime factors of 13 + y + 5 - 0.
3, 5
Suppose o + 1 + 5 = 0. Let x be (o/(-2))/((-6)/(-8)). Suppose -x*k = -0*k - 72. What are the prime factors of k?
2, 3
Suppose 4*q + q = 25. List the prime factors of q.
5
Let g be ((-16)/28)/(4/(-14)). Suppose -g*x + 20 = c, 2*c = -4*x + 7*c + 40. List the prime factors of x.
2, 5
Suppose 2*v + 24 = 4*v. Suppose 4*p - v = 3*l, 2*l = 4*p - 0*l - 12. What are the prime factors of p?
3
Suppose -3*m - 3*a = -138, -55 = -m - 0*m + 2*a. List the prime factors of m.
7
Suppose 0 = 5*x + q + q - 23, 4*x - 3*q - 23 = 0. Suppose -5*y - 3*f = -38, 2*y - 6*y + 23 = -x*f. List the prime factors of y.
7
Suppose -2*f + s - 2 = -11, 0 = -f - 4*s. Suppose 5*r = -5*u + 60, -2*u + 10 = -4*r + f. List the prime factors of u.
3
Let w = 11 + 273. What are the prime factors of w?
2, 71
Suppose -70*u + 65*u = -1095. What are the prime factors of u?
3, 73
Let c be -2 - (-4)/(-4) - -5. Suppose -2*n + 3*n = c. What are the prime factors of n?
2
Let d(z) = -z - 6. Let j be d(-8). Suppose 0 = -j*r + 14 + 28. List the prime factors of r.
3, 7
Let m(b) = b**2 + 2*b - 1. Let r be m(1). What are the prime factors of (2 - 1)*9*r?
2, 3
What are the prime factors of (-170)/15*(3 + (-30)/4)?
3, 17
Let n(l) = 5*l**2 + 2*l + 2. Let k(y) = -4*y + 14. Let i be k(4). What are the prime factors of n(i)?
2, 3
Suppose 0 = -13*o + 9*o + 504. List the prime factors of o.
2, 3, 7
Suppose 2*y = -x + 26, 7 + 9 = -4*x. List the prime factors of (-2)/5 + 81/y.
5
Suppose 0 = h - 5*h. Suppose 2*g - g - 23 = h. What are the prime factors of g?
23
Let j(x) = -x**2 + 7*x - 1. Let o be j(5). Let k = -6 + o. What are the prime factors of k?
3
Let r(x) = 22*x**2 - 2*x + 7. Let y(a) = 11*a**2 - a + 4. Let v(c) = 3*r(c) - 5*y(c). List the prime factors of v(1).
11
Let q = -2 - -6. Suppose 5*n = -8*p + 3*p + 50, -44 = -q*n - 5*p. What are the prime factors of (-3*3)/((-9)/n)?
2, 3
Let p(r) = -r**3 + 9*r**2 + 9*r + 5. Let z be p(10). Let m = 4 + z. What are the prime factors of (-2 - m)/((-4)/52)?
13
Suppose -102 = -4*q + 86. List the prime factors of q.
47
Let x(n) = n**3 - 6*n**2 + n + 8. List the prime factors of x(6).
2, 7
Suppose -2*o + 6*o = -8, -5*o + 6 = 4*l. Suppose 12 = l*h - 0*h. List the prime factors of h.
3
List the prime factors of (-24 + 4 + 0)*-2.
2, 5
Let r = 9 - 5. What are the prime factors of r/(-10)*-7*5?
2, 7
Suppose n + f - 57 = -0*f, 0 = 2*n - 5*f - 93. List the prime factors of n.
2, 3
Suppose 2*z + z - 4*d - 863 = 0, 297 = z + d. List the prime factors of z.
293
Let n = -110 - -391. List the prime factors of n.
281
Let c = 62 - -55. List the prime factors of c.
3, 13
Suppose l + 2 = -l. Let j(r) = -13*r. What are the prime factors of j(l)?
13
Suppose -345 = 2*z - 7*z. Suppose 0 = -4*j + 11 + z. List the prime factors of j.
2, 5
Suppose 3*k - 10 = -1. Suppose 0 = 4*c + c + k*p + 42, -2*p - 14 = c. Let y(v) = v**3 + 5*v**2 - 7*v + 2. What are the prime factors of y(c)?
2
Suppose -2*f + 5*d - 4*d = -16, f = 5*d + 26. Suppose 3*i = 5*i - f. List the prime factors of i.
3
Suppose 16 + 5 = 5*a - 4*p, 3 = a - 2*p. Let i = a + -2. Suppose -i*y = -5*y + 16. List the prime factors of y.
2
Let v(b) = -b**3 + 11*b**2 - 2*b + 16. Let y be v(11). Let n be (-40)/(-15)*y/(-4). Suppose n*h - 2 = 22. What are the prime factors of h?
2, 3
Let y = 156 - 371. List the prime factors of y/(-7) + 6/21.
31
Let z = 56 - 26. Let o = z + -13. What are the prime factors of o?
17
Suppose 0 = 3*k + 2*k + 3*w + 1, 3*k + 21 = 5*w. What are the prime factors of -1*4*3/k?
2, 3
Let s(y) = 3*y + 2. Suppose -5*c = -3*u + 4*u + 11, -4*u + 2*c + 22 = 0. Let v be s(u). Suppose -2*p + f = -26 - 5, f + v = p. List the prime factors of p.
17
Let f(d) = d**2 + 10*d + 12. Let u be f(-9). What are the prime factors of 13/3 + u/(-9)?
2
Let m = -30 - -120. Let s = -62 + m. Suppose 72 = 5*c - 2*l, -12 = -3*c - 2*l + s. List the prime factors of c.
2, 7
Let g be (16*2)/(-1) + 1. Let s(w) = -3*w + 2. Let f be s(4). Let y = f - g. What are the prime factors of y?
3, 7
Suppose 4*p - 2 + 6 = 0, l + 5*p = -3. Let n(b) = 6 + 2*b + 5*b - 3*b + b**l. List the prime factors of n(-4).
2, 3
Let h = 8 + -4. Suppose -5*z = -2*a - 3*z - 2, -5*a + h = -2*z. Let u(t) = 2*t**2 + 1. What are the prime factors of u(a)?
3
Suppose -r + 5*o = 0, r - 8 = -4*o + 10. What are the prime factors of r?
2, 5
Let l be (5/(-2))/((-5)/10). Let m be 222/4 + 2/(-4). Suppose -20 = -l*r + m. List the prime factors of r.
3, 5
Let q(u) be the second derivative of 1/3*u**3 - u**2 - 1/3*u**4 + 0 - 3*u - 1/20*u**5. List the prime factors of q(-5).
13
Let n be 3/3 - (-2)/2. Suppose -3*m + 4*b = 6, 4*b - 4 = m + n*b. List the prime factors of (-1 - m) + (-78)/(-6).
2, 5
Let y(v) = v**2 + 4*v - 1. Let c(h) = -h**2 - 3*h + 1. Suppose -x = -3*x - 6. Let g(m) = x*y(m) - 2*c(m). What are the prime factors of g(-3)?
2, 5
Suppose -2*c - 33 + 133 = 0. What are the prime factors of c?
2, 5
Let v(b) = b**3 - 18*b**2 + 18*b - 4. List the prime factors of v(17).
13
Let b(q) = -q**2 + 7*q - 5. Let j be b(4). Suppose -j = 5*y - 32, -40 = -5*s - 2*y. Suppose 2*d - 6 = s. List the prime factors of d.
2, 3
Let q = -166 + 357. What are the prime factors of q?
191
Let r = 5 - -2. Let u(l) = l**3 - 7*l**2 + 7. List the prime factors of u(r).
7
Suppose 0*s - 5*s + 7 = -3*x, 3*s + x = 7. Suppose y - 45 = -5*c - 4*y, -5*c - s*y = -57. What are the prime factors of c?
13
Let d = 43 + -29. Suppose -4*f - 2 - 2 = 0. List the prime factors of (d - f)*(-3)/(-5).
3
Suppose 21 = -4*l + 129. Let b = -9 + l. Let v = b - 11. What are the prime factors of v?
7
Let f(t) = -11*t**3 - 2*t**2 + 1. Suppose 0 = -2*u - 2*u. Let d be (-1 + u)/(0 + 1). What are the prime factors of f(d)?
2, 5
Let f(c) = c**3 + 8*c**2 + 5*c - 2. Let p be f(-7). Suppose 4*z = 2*z + p. Suppose -z = -j - j. List the prime factors of j.
3
Let z(l) = -2*l - 6. Let x be z(-5). Suppose 4*w + n = -13, x*w - 13 + 6 = 3*n. Let r(d) = d + 4. What are the prime factors of r(w)?
2
Suppose 2*i = -i + 12. Suppose 3*z = i*t - 15 + 47, -5*z - t + 61 = 0. List the prime factors of z.
2, 3
Suppose 8 - 22 = -t. What are the prime factors of t/(-21)*(-9)/2?
3
What are the prime factors of 22 - (0 + (2 - 2))?
2, 11
Suppose 7*a = 15*a - 832. What are the prime factors of a?
2, 13
List the prime factors of (-1 + -75)*5/(-20).
19
Suppose -2*v = 5*j - 22, -2*j = -6*j - 5*v + 21. Suppose 0 = 2*a + 4*x - 30, 4*a + a - 51 = -j*x. List the prime factors of a.
7
Suppose -3*t + 5*t = 14. Suppose -t = 3*c - 37. What are the prime factors of c?
2, 5
Suppose -6*w + 145 = -161. What are the prime factors of w?
3, 17
Suppose -3*c - 4*n = c + 48, 5*n = 2*c + 3. Let b(o) = o**3 - 1. Let i(y) = -6*y**3 - 9*y**2 + y + 8. Let x(s) = -5*b(s) - i(s). List the prime factors of x(c).
2, 3
Let r(x) = 9*x**3 - x**2 - 2*x + 3. Let m be r(2). Suppose -m = -3*z - 4*n, 4*n = -z - n + 26. What are the prime factors of z?
3, 7
Let d(a) = a**2 - 6*a - 3. List the prime factors of d(-4).
37
Let t be 20/(-15)*(-3)/2. Suppose -3*x + 5 = t*r, -r = 4*x + 3*r. List the prime factors of x.
5
Let a = 245 - 137. What a